
List the prime factors of 592413.
3, 181, 1091
List the prime factors of 177476.
2, 13, 3413
What are the prime factors of 4313983?
4313983
List the prime factors of 6269446.
2, 3134723
List the prime factors of 4429086.
2, 3, 43, 17167
List the prime factors of 46730.
2, 5, 4673
What are the prime factors of 339210?
2, 3, 5, 3769
What are the prime factors of 288507?
3, 17, 5657
What are the prime factors of 19028601?
3, 78307
List the prime factors of 6771622.
2, 11, 13, 23677
List the prime factors of 1031683.
41, 25163
List the prime factors of 14071189.
11, 17, 47, 1601
What are the prime factors of 183849?
3, 61283
List the prime factors of 1637647.
11, 53
List the prime factors of 113564.
2, 11, 29, 89
What are the prime factors of 4555935?
3, 5, 137, 739
What are the prime factors of 9233?
7, 1319
List the prime factors of 123796.
2, 30949
What are the prime factors of 4875866?
2, 31, 78643
What are the prime factors of 2074569?
3, 7, 223, 443
What are the prime factors of 143058?
2, 3, 113, 211
What are the prime factors of 364840?
2, 5, 7, 1303
What are the prime factors of 133192?
2, 16649
List the prime factors of 27817638.
2, 3, 79, 58687
List the prime factors of 494246.
2, 37, 6679
What are the prime factors of 209342?
2, 7, 19, 787
List the prime factors of 8744268.
2, 3, 13, 56053
What are the prime factors of 1289619?
3, 143291
List the prime factors of 3164809.
151, 20959
List the prime factors of 406641.
3, 89, 1523
What are the prime factors of 15137411?
15137411
List the prime factors of 1000142.
2, 11, 13, 269
What are the prime factors of 3760086?
2, 3, 11, 23, 2477
List the prime factors of 5817520.
2, 5, 72719
What are the prime factors of 47361?
3, 15787
What are the prime factors of 1804031?
19, 94949
What are the prime factors of 1029391?
11, 93581
What are the prime factors of 1313763?
3, 11, 41, 971
What are the prime factors of 3515538?
2, 3, 13, 3467
List the prime factors of 13335775.
5, 499, 1069
List the prime factors of 794522.
2, 601, 661
What are the prime factors of 395351?
11, 127, 283
List the prime factors of 3338081.
47, 71023
What are the prime factors of 379055?
5, 47, 1613
What are the prime factors of 1604616?
2, 3, 13, 37, 139
What are the prime factors of 759577?
7, 13, 17, 491
List the prime factors of 9219023.
11, 838093
What are the prime factors of 562483?
43, 103, 127
List the prime factors of 235166.
2, 31, 3793
List the prime factors of 112354.
2, 11, 5107
What are the prime factors of 2843969?
2843969
List the prime factors of 3700543.
7, 11, 17, 257
What are the prime factors of 3215608?
2, 11, 36541
List the prime factors of 638113.
7, 91159
What are the prime factors of 121843?
121843
List the prime factors of 3420099.
3, 211, 1801
List the prime factors of 300973.
300973
List the prime factors of 1515524.
2, 41, 9241
List the prime factors of 1145887.
599, 1913
What are the prime factors of 1670240?
2, 5, 11, 13, 73
What are the prime factors of 175923?
3, 11, 1777
List the prime factors of 36170.
2, 5, 3617
List the prime factors of 5497419.
3, 103, 17791
List the prime factors of 9266013.
3, 449, 2293
What are the prime factors of 1892702?
2, 7, 135193
List the prime factors of 6178174.
2, 17, 181711
What are the prime factors of 161607?
3, 103, 523
What are the prime factors of 1768084?
2, 41, 10781
List the prime factors of 450415.
5, 7, 17, 757
What are the prime factors of 14646744?
2, 3, 7, 3229
List the prime factors of 235695.
3, 5, 19, 827
List the prime factors of 12678551.
457, 27743
What are the prime factors of 441327?
3, 157, 937
List the prime factors of 600923.
67, 8969
What are the prime factors of 3734150?
2, 5, 7, 47, 227
What are the prime factors of 1284157?
7, 183451
What are the prime factors of 580822?
2, 11, 17, 1553
List the prime factors of 634382.
2, 7, 113, 401
List the prime factors of 1897303.
1217, 1559
What are the prime factors of 1162844?
2, 290711
List the prime factors of 224784.
2, 3, 7, 223
List the prime factors of 327030.
2, 3, 5, 11, 991
List the prime factors of 146544.
2, 3, 43, 71
What are the prime factors of 2212317?
3, 401, 613
What are the prime factors of 2687362?
2, 1343681
What are the prime factors of 1457208?
2, 3, 37, 547
What are the prime factors of 949317?
3, 316439
List the prime factors of 713731.
197, 3623
List the prime factors of 20132435.
5, 41, 98207
List the prime factors of 2261857.
13, 257, 677
What are the prime factors of 4934768?
2, 308423
List the prime factors of 28003.
41, 683
What are the prime factors of 1730597?
11, 157327
List the prime factors of 6355349.
7, 11, 13, 907
What are the prime factors of 867371?
867371
List the prime factors of 44219602.
2, 7, 859, 3677
List the prime factors of 18350825.
5, 263, 2791
What are the prime factors of 21217765?
5, 151, 157, 179
What are the prime factors of 1321012?
2, 7, 11, 4289
What are the prime factors of 241127?
241127
What are the prime factors of 678605?
5, 135721
What are the prime factors of 771451?
113, 6827
What are the prime factors of 9507835?
5, 1901567
List the prime factors of 396054.
2, 3, 22003
What are the prime factors of 246779?
13, 41, 463
List the prime factors of 2952814.
2, 1476407
List the prime factors of 771317.
47, 16411
List the prime factors of 55586.
2, 27793
List the prime factors of 118886.
2, 59443
List the prime factors of 10276802.
2, 467, 11003
List the prime factors of 402441.
3, 13, 17, 607
What are the prime factors of 1254029?
7, 23, 7789
List the prime factors of 11696747.
11696747
What are the prime factors of 883933?
883933
List the prime factors of 23000583.
3, 19, 271, 1489
What are the prime factors of 66651?
3, 13, 1709
List the prime factors of 1041104.
2, 31, 2099
What are the prime factors of 326808?
2, 3, 17, 89
What are the prime factors of 1591960?
2, 5, 39799
List the prime factors of 812310.
2, 3, 5, 27077
What are the prime factors of 478123?
29, 16487
What are the prime factors of 1435402?
2, 83, 8647
List the prime factors of 207025.
5, 7, 13
List the prime factors of 13915711.
13915711
List the prime factors of 32230.
2, 5, 11, 293
List the prime factors of 387845.
5, 77569
What are the prime factors of 2215891?
67, 33073
List the prime factors of 895206.
2, 3, 13, 23, 499
List the prime factors of 10876514.
2, 11, 494387
List the prime factors of 104410.
2, 5, 53, 197
List the prime factors of 189682.
2, 94841
What are the prime factors of 1683687?
3, 561229
What are the prime factors of 246344?
2, 7, 53, 83
List the prime factors of 383560.
2, 5, 43, 223
List the prime factors of 399090.
2, 3, 5, 53, 251
List the prime factors of 166986.
2, 3, 9277
List the prime factors of 7161599.
7161599
List the prime factors of 4574467.
4574467
What are the prime factors of 1035320?
2, 5, 11, 13, 181
List the prime factors of 6022642.
2, 23, 130927
What are the prime factors of 1876454?
2, 103, 9109
List the prime factors of 444347.
444347
What are the prime factors of 1439482?
2, 11, 59, 1109
List the prime factors of 432591.
3, 41, 3517
What are the prime factors of 208609?
208609
What are the prime factors of 1165836?
2, 3, 7, 13879
List the prime factors of 3198728.
2, 13, 30757
What are the prime factors of 16634317?
7, 2376331
What are the prime factors of 9748148?
2, 2437037
List the prime factors of 709136.
2, 23, 41, 47
List the prime factors of 228752.
2, 17, 29
What are the prime factors of 6021480?
2, 3, 5, 19, 139
What are the prime factors of 944492?
2, 389, 607
List the prime factors of 2836148.
2, 7, 199, 509
List the prime factors of 33837.
3, 11279
What are the prime factors of 71286?
2, 3, 109
List the prime factors of 123873.
3, 157, 263
What are the prime factors of 812215?
5, 61, 2663
List the prime factors of 2027899.
2027899
List the prime factors of 8393842.
2, 389, 10789
What are the prime factors of 1283926?
2, 7, 293, 313
List the prime factors of 2040631.
1093, 1867
List the prime factors of 352324.
2, 7, 12583
List the prime factors of 683132.
2, 67, 2549
What are the prime factors of 4458246?
2, 3, 13, 61, 937
What are the prime factors of 414119?
199, 2081
What are the prime factors of 220485?
3, 5, 14699
What are the prime factors of 31001337?
3, 659, 5227
List the prime fa